{"id":52,"date":"2024-06-11T10:31:02","date_gmt":"2024-06-11T10:31:02","guid":{"rendered":"https:\/\/avocatbotosani.ro\/new\/?page_id=52"},"modified":"2024-06-15T17:46:38","modified_gmt":"2024-06-15T17:46:38","slug":"52-2","status":"publish","type":"page","link":"https:\/\/avocatbotosani.ro\/new\/index.php\/52-2\/","title":{"rendered":""},"content":{"rendered":"\n<h2 class=\"wp-block-heading\">Politic\u0103 privind Utilizarea Modulelor Cookie<\/h2>\n\n\n\n<p>Aceast\u0103 Politic\u0103 privind Utilizarea Modulelor Cookie explic\u0103 modul \u00een care <strong>CABINETUL INDIVIDUAL DE AVOCAT CORNEA ALINA<\/strong> utilizeaz\u0103 modulele cookie \u0219i tehnologii similare pe site-ul s\u0103u web <a href=\"http:\/\/www.exemplu.ro\">www.avocatbotosani.ro<\/a>. Prin utilizarea acestui site, v\u0103 exprima\u021bi acordul privind utilizarea cookie-urilor \u00een conformitate cu aceast\u0103 politic\u0103.<\/p>\n\n\n\n<h3 class=\"wp-block-heading\">1. Ce sunt modulele cookie?<\/h3>\n\n\n\n<p>Modulele cookie sunt fi\u0219iere mici de text care sunt plasate pe dispozitivul dvs. atunci c\u00e2nd vizita\u021bi un site web. Cookie-urile sunt utilizate pe scar\u0103 larg\u0103 pentru a face site-urile s\u0103 func\u021bioneze sau s\u0103 func\u021bioneze mai eficient, precum \u0219i pentru a oferi informa\u021bii proprietarilor site-ului.<\/p>\n\n\n\n<h3 class=\"wp-block-heading\">2. Tipuri de cookie-uri pe care le utiliz\u0103m<\/h3>\n\n\n\n<ul>\n<li><strong>Cookie-uri strict necesare<\/strong>: Aceste cookie-uri sunt esen\u021biale pentru a v\u0103 permite s\u0103 naviga\u021bi pe site \u0219i s\u0103 utiliza\u021bi func\u021biile acestuia, cum ar fi accesarea zonelor securizate ale site-ului. F\u0103r\u0103 aceste cookie-uri, serviciile pe care le-a\u021bi solicitat nu pot fi furnizate.<\/li>\n\n\n\n<li><strong>Cookie-uri de performan\u021b\u0103<\/strong>: Aceste cookie-uri colecteaz\u0103 informa\u021bii despre modul \u00een care vizitatorii utilizeaz\u0103 un site web, de exemplu, care pagini sunt vizitate cel mai des \u0219i dac\u0103 primesc mesaje de eroare de la pagini web. Aceste cookie-uri nu colecteaz\u0103 informa\u021bii care identific\u0103 un vizitator. Toate informa\u021biile colectate de aceste cookie-uri sunt agregate \u0219i, prin urmare, anonime. Ele sunt utilizate doar pentru a \u00eembun\u0103t\u0103\u021bi modul \u00een care func\u021bioneaz\u0103 un site web.<\/li>\n\n\n\n<li><strong>Cookie-uri de func\u021bionalitate<\/strong>: Aceste cookie-uri permit site-ului s\u0103 memoreze alegerile pe care le face\u021bi (cum ar fi numele dvs. de utilizator, limba sau regiunea \u00een care v\u0103 afla\u021bi) \u0219i ofer\u0103 func\u021bii \u00eembun\u0103t\u0103\u021bite, mai personale. Informa\u021biile colectate de aceste cookie-uri pot fi anonimizate \u0219i nu pot urm\u0103ri activitatea de navigare pe alte site-uri web.<\/li>\n\n\n\n<li><strong>Cookie-uri de direc\u021bionare sau publicitate<\/strong>: Aceste cookie-uri sunt utilizate pentru a livra anun\u021buri mai relevante pentru dvs. \u0219i interesele dvs. Ele sunt, de asemenea, folosite pentru a limita num\u0103rul de afi\u0219\u0103ri ale unui anun\u021b \u0219i pentru a ajuta la m\u0103surarea eficacit\u0103\u021bii campaniilor publicitare. Ele sunt plasate de obicei de re\u021bele de publicitate cu permisiunea operatorului site-ului. Acestea memoreaz\u0103 c\u0103 a\u021bi vizitat un site web \u0219i aceste informa\u021bii sunt partajate cu alte organiza\u021bii, cum ar fi advertiserii.<\/li>\n<\/ul>\n\n\n\n<h3 class=\"wp-block-heading\">3. Gestionarea cookie-urilor<\/h3>\n\n\n\n<p>Pute\u021bi controla \u0219i\/sau \u0219terge cookie-urile dup\u0103 cum dori\u021bi &#8211; pentru detalii, consulta\u021bi aboutcookies.org. Pute\u021bi \u0219terge toate cookie-urile care sunt deja pe computerul dvs. \u0219i pute\u021bi seta majoritatea browserelor s\u0103 \u00eempiedice plasarea acestora. Dac\u0103 face\u021bi acest lucru, este posibil s\u0103 fie nevoie s\u0103 ajusta\u021bi manual unele preferin\u021be de fiecare dat\u0103 c\u00e2nd vizita\u021bi un site, iar unele servicii \u0219i func\u021bionalit\u0103\u021bi ar putea s\u0103 nu func\u021bioneze.<\/p>\n\n\n\n<h3 class=\"wp-block-heading\">4. Modific\u0103ri ale Politicii privind Utilizarea Modulelor Cookie<\/h3>\n\n\n\n<p>Ne rezerv\u0103m dreptul de a aduce modific\u0103ri prezentei politici de cookie-uri. Orice modific\u0103ri ale acestei politici vor fi publicate pe aceast\u0103 pagin\u0103 \u0219i, dac\u0103 sunt semnificative, v\u0103 vom anun\u021ba printr-un mesaj pe site-ul nostru. V\u0103 \u00eencuraj\u0103m s\u0103 verifica\u021bi periodic aceast\u0103 pagin\u0103 pentru a fi la curent cu ultimele nout\u0103\u021bi despre utilizarea cookie-urilor.<\/p>\n\n\n\n<h3 class=\"wp-block-heading\">5. Contacta\u021bi-ne<\/h3>\n\n\n\n<p>Dac\u0103 ave\u021bi \u00eentreb\u0103ri sau nel\u0103muriri cu privire la aceast\u0103 Politic\u0103 privind Utilizarea Modulelor Cookie, v\u0103 rug\u0103m s\u0103 ne contacta\u021bi la:<\/p>\n\n\n\n<p><strong>CABINETUL INDIVIDUAL DE AVOCAT CORNEA ALINA<\/strong><br>Email: [adresa de email]<br>Telefon: [num\u0103r de telefon]<br>Adresa: [adresa fizic\u0103]<\/p>\n","protected":false},"excerpt":{"rendered":"<p>Politic\u0103 privind Utilizarea Modulelor Cookie Aceast\u0103 Politic\u0103 privind Utilizarea Modulelor Cookie explic\u0103 modul \u00een care CABINETUL INDIVIDUAL DE AVOCAT CORNEA ALINA utilizeaz\u0103 modulele cookie \u0219i tehnologii similare pe site-ul s\u0103u web www.avocatbotosani.ro. Prin utilizarea acestui site, v\u0103 exprima\u021bi acordul privind utilizarea cookie-urilor \u00een conformitate cu aceast\u0103 politic\u0103. 1. Ce sunt modulele cookie? Modulele cookie sunt [&hellip;]<\/p>\n","protected":false},"author":1,"featured_media":0,"parent":0,"menu_order":0,"comment_status":"closed","ping_status":"closed","template":"","meta":{"om_disable_all_campaigns":false,"_monsterinsights_skip_tracking":false,"_monsterinsights_sitenote_active":false,"_monsterinsights_sitenote_note":"","_monsterinsights_sitenote_category":0,"footnotes":""},"featured_image_url":[],"post_author":"admin","assigned_categories":"","aioseo_notices":[],"yoast_head":"<!-- This site is optimized with the Yoast SEO plugin v23.0 - https:\/\/yoast.com\/wordpress\/plugins\/seo\/ -->\n<title>- Avocat Cornea Alina Botosani<\/title>\n<meta name=\"robots\" content=\"index, follow, max-snippet:-1, max-image-preview:large, max-video-preview:-1\" \/>\n<link rel=\"canonical\" href=\"https:\/\/avocatbotosani.ro\/new\/index.php\/52-2\/\" \/>\n<meta property=\"og:locale\" content=\"ro_RO\" \/>\n<meta property=\"og:type\" content=\"article\" \/>\n<meta property=\"og:title\" content=\"- Avocat Cornea Alina Botosani\" \/>\n<meta property=\"og:description\" content=\"Politic\u0103 privind Utilizarea Modulelor Cookie Aceast\u0103 Politic\u0103 privind Utilizarea Modulelor Cookie explic\u0103 modul \u00een care CABINETUL INDIVIDUAL DE AVOCAT CORNEA ALINA utilizeaz\u0103 modulele cookie \u0219i tehnologii similare pe site-ul s\u0103u web www.avocatbotosani.ro. Prin utilizarea acestui site, v\u0103 exprima\u021bi acordul privind utilizarea cookie-urilor \u00een conformitate cu aceast\u0103 politic\u0103. 1. Ce sunt modulele cookie? Modulele cookie sunt [&hellip;]\" \/>\n<meta property=\"og:url\" content=\"https:\/\/avocatbotosani.ro\/new\/index.php\/52-2\/\" \/>\n<meta property=\"og:site_name\" content=\"Avocat Cornea Alina Botosani\" \/>\n<meta property=\"article:modified_time\" content=\"2024-06-15T17:46:38+00:00\" \/>\n<meta name=\"twitter:card\" content=\"summary_large_image\" \/>\n<meta name=\"twitter:label1\" content=\"Timp estimat pentru citire\" \/>\n\t<meta name=\"twitter:data1\" content=\"3 minute\" \/>\n<script type=\"application\/ld+json\" class=\"yoast-schema-graph\">{\"@context\":\"https:\/\/schema.org\",\"@graph\":[{\"@type\":\"WebPage\",\"@id\":\"https:\/\/avocatbotosani.ro\/new\/index.php\/52-2\/\",\"url\":\"https:\/\/avocatbotosani.ro\/new\/index.php\/52-2\/\",\"name\":\"- Avocat Cornea Alina Botosani\",\"isPartOf\":{\"@id\":\"https:\/\/avocatbotosani.ro\/new\/#website\"},\"datePublished\":\"2024-06-11T10:31:02+00:00\",\"dateModified\":\"2024-06-15T17:46:38+00:00\",\"inLanguage\":\"ro-RO\",\"potentialAction\":[{\"@type\":\"ReadAction\",\"target\":[\"https:\/\/avocatbotosani.ro\/new\/index.php\/52-2\/\"]}]},{\"@type\":\"WebSite\",\"@id\":\"https:\/\/avocatbotosani.ro\/new\/#website\",\"url\":\"https:\/\/avocatbotosani.ro\/new\/\",\"name\":\"Avocat Cornea Alina Botosani\",\"description\":\"Programeaza-te online pentru o \u0219edin\u021b\u0103 de consultanta sau folose\u0219te Avocatul Inteligent ce \u00ee\u021bi va r\u0103spunde la \u00eentreb\u0103ri instant\",\"publisher\":{\"@id\":\"https:\/\/avocatbotosani.ro\/new\/#organization\"},\"potentialAction\":[{\"@type\":\"SearchAction\",\"target\":{\"@type\":\"EntryPoint\",\"urlTemplate\":\"https:\/\/avocatbotosani.ro\/new\/?s={search_term_string}\"},\"query-input\":\"required name=search_term_string\"}],\"inLanguage\":\"ro-RO\"},{\"@type\":\"Organization\",\"@id\":\"https:\/\/avocatbotosani.ro\/new\/#organization\",\"name\":\"Avocat Cornea Alina Botosani\",\"url\":\"https:\/\/avocatbotosani.ro\/new\/\",\"logo\":{\"@type\":\"ImageObject\",\"inLanguage\":\"ro-RO\",\"@id\":\"https:\/\/avocatbotosani.ro\/new\/#\/schema\/logo\/image\/\",\"url\":\"https:\/\/avocatbotosani.ro\/new\/wp-content\/uploads\/2024\/06\/cropped-Beige-and-Blue-Minimalist-Clean-Modern-Lawyer-Logo-8-1.png\",\"contentUrl\":\"https:\/\/avocatbotosani.ro\/new\/wp-content\/uploads\/2024\/06\/cropped-Beige-and-Blue-Minimalist-Clean-Modern-Lawyer-Logo-8-1.png\",\"width\":512,\"height\":512,\"caption\":\"Avocat Cornea Alina Botosani\"},\"image\":{\"@id\":\"https:\/\/avocatbotosani.ro\/new\/#\/schema\/logo\/image\/\"}}]}<\/script>\n<!-- \/ Yoast SEO plugin. -->","yoast_head_json":{"title":"- Avocat Cornea Alina Botosani","robots":{"index":"index","follow":"follow","max-snippet":"max-snippet:-1","max-image-preview":"max-image-preview:large","max-video-preview":"max-video-preview:-1"},"canonical":"https:\/\/avocatbotosani.ro\/new\/index.php\/52-2\/","og_locale":"ro_RO","og_type":"article","og_title":"- Avocat Cornea Alina Botosani","og_description":"Politic\u0103 privind Utilizarea Modulelor Cookie Aceast\u0103 Politic\u0103 privind Utilizarea Modulelor Cookie explic\u0103 modul \u00een care CABINETUL INDIVIDUAL DE AVOCAT CORNEA ALINA utilizeaz\u0103 modulele cookie \u0219i tehnologii similare pe site-ul s\u0103u web www.avocatbotosani.ro. Prin utilizarea acestui site, v\u0103 exprima\u021bi acordul privind utilizarea cookie-urilor \u00een conformitate cu aceast\u0103 politic\u0103. 1. Ce sunt modulele cookie? Modulele cookie sunt [&hellip;]","og_url":"https:\/\/avocatbotosani.ro\/new\/index.php\/52-2\/","og_site_name":"Avocat Cornea Alina Botosani","article_modified_time":"2024-06-15T17:46:38+00:00","twitter_card":"summary_large_image","twitter_misc":{"Timp estimat pentru citire":"3 minute"},"schema":{"@context":"https:\/\/schema.org","@graph":[{"@type":"WebPage","@id":"https:\/\/avocatbotosani.ro\/new\/index.php\/52-2\/","url":"https:\/\/avocatbotosani.ro\/new\/index.php\/52-2\/","name":"- Avocat Cornea Alina Botosani","isPartOf":{"@id":"https:\/\/avocatbotosani.ro\/new\/#website"},"datePublished":"2024-06-11T10:31:02+00:00","dateModified":"2024-06-15T17:46:38+00:00","inLanguage":"ro-RO","potentialAction":[{"@type":"ReadAction","target":["https:\/\/avocatbotosani.ro\/new\/index.php\/52-2\/"]}]},{"@type":"WebSite","@id":"https:\/\/avocatbotosani.ro\/new\/#website","url":"https:\/\/avocatbotosani.ro\/new\/","name":"Avocat Cornea Alina Botosani","description":"Programeaza-te online pentru o \u0219edin\u021b\u0103 de consultanta sau folose\u0219te Avocatul Inteligent ce \u00ee\u021bi va r\u0103spunde la \u00eentreb\u0103ri instant","publisher":{"@id":"https:\/\/avocatbotosani.ro\/new\/#organization"},"potentialAction":[{"@type":"SearchAction","target":{"@type":"EntryPoint","urlTemplate":"https:\/\/avocatbotosani.ro\/new\/?s={search_term_string}"},"query-input":"required name=search_term_string"}],"inLanguage":"ro-RO"},{"@type":"Organization","@id":"https:\/\/avocatbotosani.ro\/new\/#organization","name":"Avocat Cornea Alina Botosani","url":"https:\/\/avocatbotosani.ro\/new\/","logo":{"@type":"ImageObject","inLanguage":"ro-RO","@id":"https:\/\/avocatbotosani.ro\/new\/#\/schema\/logo\/image\/","url":"https:\/\/avocatbotosani.ro\/new\/wp-content\/uploads\/2024\/06\/cropped-Beige-and-Blue-Minimalist-Clean-Modern-Lawyer-Logo-8-1.png","contentUrl":"https:\/\/avocatbotosani.ro\/new\/wp-content\/uploads\/2024\/06\/cropped-Beige-and-Blue-Minimalist-Clean-Modern-Lawyer-Logo-8-1.png","width":512,"height":512,"caption":"Avocat Cornea Alina Botosani"},"image":{"@id":"https:\/\/avocatbotosani.ro\/new\/#\/schema\/logo\/image\/"}}]}},"_links":{"self":[{"href":"https:\/\/avocatbotosani.ro\/new\/index.php\/wp-json\/wp\/v2\/pages\/52"}],"collection":[{"href":"https:\/\/avocatbotosani.ro\/new\/index.php\/wp-json\/wp\/v2\/pages"}],"about":[{"href":"https:\/\/avocatbotosani.ro\/new\/index.php\/wp-json\/wp\/v2\/types\/page"}],"author":[{"embeddable":true,"href":"https:\/\/avocatbotosani.ro\/new\/index.php\/wp-json\/wp\/v2\/users\/1"}],"replies":[{"embeddable":true,"href":"https:\/\/avocatbotosani.ro\/new\/index.php\/wp-json\/wp\/v2\/comments?post=52"}],"version-history":[{"count":2,"href":"https:\/\/avocatbotosani.ro\/new\/index.php\/wp-json\/wp\/v2\/pages\/52\/revisions"}],"predecessor-version":[{"id":271,"href":"https:\/\/avocatbotosani.ro\/new\/index.php\/wp-json\/wp\/v2\/pages\/52\/revisions\/271"}],"wp:attachment":[{"href":"https:\/\/avocatbotosani.ro\/new\/index.php\/wp-json\/wp\/v2\/media?parent=52"}],"curies":[{"name":"wp","href":"https:\/\/api.w.org\/{rel}","templated":true}]}}